69?
9
Calculate the remainder when 44564 is divided by 44561.
3
Calculate the remainder when 968176 is divided by 497.
20
What is the remainder when 272 is divided by 93?
86
Calculate the remainder when 89696 is divided by 266.
54
Calculate the remainder when 923672 is divided by 124.
120
What is the remainder when 3039 is divided by 970?
129
What is the remainder when 1095773 is divided by 242?
239
What is the remainder when 32776 is divided by 482?
0
Calculate the remainder when 77067 is divided by 16.
11
What is the remainder when 182324 is divided by 6287?
1
What is the remainder when 3509 is divided by 1621?
267
Calculate the remainder when 90222 is divided by 394.
390
Calculate the remainder when 161358 is divided by 428.
2
Calculate the remainder when 19866 is divided by 1806.
0
Calculate the remainder when 7541 is divided by 2487.
80
What is the remainder when 4338 is divided by 1971?
396
Calculate the remainder when 2228 is divided by 2104.
124
What is the remainder when 9559 is divided by 796?
7
Calculate the remainder when 830 is divided by 8.
6
What is the remainder when 1058902 is divided by 18?
16
What is the remainder when 119772 is divided by 119762?
10
Calculate the remainder when 1414 is divided by 1102.
312
What is the remainder when 16272 is divided by 8080?
112
Calculate the remainder when 9642 is divided by 190.
142
What is the remainder when 32341 is divided by 55?
1
Calculate the remainder when 815 is divided by 3.
2
Calculate the remainder when 8839 is divided by 4318.
203
Calculate the remainder when 3670 is divided by 893.
98
Calculate the remainder when 1699 is divided by 131.
127
Calculate the remainder when 31227 is divided by 614.
527
What is the remainder when 97792 is divided by 27?
25
Calculate the remainder when 1265 is divided by 116.
105
Calculate the remainder when 84890 is divided by 2.
0
Calculate the remainder when 5972 is divided by 24.
20
Calculate the remainder when 3654 is divided by 3654.
0
Calculate the remainder when 58844 is divided by 5312.
412
Calculate the remainder when 2821 is divided by 140.
21
Calculate the remainder when 12568 is divided by 381.
376
Calculate the remainder when 13551 is divided by 3371.
67
Calculate the remainder when 1919 is divided by 305.
89
Calculate the remainder when 26082 is divided by 12993.
96
What is the remainder when 1593 is divided by 14?
11
What is the remainder when 121913 is divided by 841?
809
Calculate the remainder when 219854 is divided by 23.
20
What is the remainder when 2346 is divided by 1134?
78
What is the remainder when 1699 is divided by 156?
139
What is the remainder when 138424 is divided by 113?
112
What is the remainder when 5224 is divided by 1036?
44
What is the remainder when 2206 is divided by 222?
208
Calculate the remainder when 931 is divided by 19.
0
Calculate the remainder when 26078 is divided by 176.
30
What is the remainder when 4359 is divided by 271?
23
Calculate the remainder when 112413 is divided by 14.
7
What is the remainder when 1057727 is divided by 448?
447
What is the remainder when 173391 is divided by 183?
90
Calculate the remainder when 182634 is divided by 60872.
18
Calculate the remainder when 24075 is divided by 44.
7
Calculate the remainder when 14621 is divided by 248.
237
Calculate the remainder when 1819 is divided by 531.
226
Calculate the remainder when 7512 is divided by 2114.
1170
Calculate the remainder when 2705 is divided by 163.
97
What is the remainder when 19848 is divided by 19804?
44
What is the remainder when 12083 is divided by 12074?
9
What is the remainder when 164337 is divided by 2134?
19
Calculate the remainder when 2752 is divided by 1372.
8
Calculate the remainder when 1203 is divided by 53.
37
Calculate the remainder when 161225 is divided by 117.
116
What is the remainder when 78139 is divided by 3005?
9
What is the remainder when 449863 is divided by 1704?
7
Calculate the remainder when 39621 is divided by 762.
759
What is the remainder when 17237 is divided by 8486?
265
Calculate the remainder when 268451 is divided by 24403.
18
Calculate the remainder when 24143 is divided by 1526.
1253
What is the remainder when 14487422 is divided by 1184?
1182
What is the remainder when 10060 is divided by 143?
50
Calculate the remainder when 588962 is divided by 13.
10
What is the remainder when 145 is divided by 52?
41
Calculate the remainder when 5832 is divided by 81.
0
Calculate the remainder when 104836 is divided by 168.
4
What is the remainder when 148691 is divided by 107?
68
What is the remainder when 5999 is divided by 256?
111
What is the remainder when 877 is divided by 116?
65
Calculate the remainder when 13457 is divided by 4474.
35
Calculate the remainder when 707384 is divided by 35.
34
What is the remainder when 166437 is divided by 76?
73
Calculate the remainder when 3748 is divided by 907.
120
What is the remainder when 316875 is divided by 47?
1
What is the remainder when 33718 is divided by 2804?
70
What is the remainder when 65080 is divided by 13012?
20
Calculate the remainder when 233991 is divided by 122.
117
What is the remainder when 726143 is divided by 186?
185
What is the remainder when 39073 is divided by 2604?
13
What is the remainder when 3457769 is divided by 30?
29
Calculate the remainder when 65482 is divided by 71.
20
Calculate the remainder when 20223 is divided by 158.
157
Calculate the remainder when 30403 is divided by 7465.
543
What is the remainder when 1097693 is divided by 59?
57
What is the remainder when 101110 is divided by 206?
170
Calculate the remainder when 68447 is divided by 50.
47
Calculate the remainder when 116 is divided by 8.
4
Calculate the remainder when 84743 is divided by 11.
10
Calculate the remainder when 595746 is divided by 68.
66
What is the remainder when 14311 is divided by 4751?
58
What is the remainder when 185977 is divided by 1917?
28
What is the remainder when 14562 is divided by 3634?
26
Calculate the remainder when 1569 is divided by 24.
9
Calculate the remainder when 26208 is divided by 8699.
111
Calculate the remainder when 73155 is divided by 62.
57
Calculate the remainder when 12965 is divided by 63.
50
What is the remainder when 75812 is divided by 343?
9
What is the remainder when 3213 is divided by 65?
28
What is the remainder when 2929416 is divided by 976468?
12
Calculate the remainder when 1169318 is divided by 943.
941
What is the remainder when 8561 is divided by 225?
11
What is the remainder when 382532 is divided by 56?
52
Calculate the remainder when 72781 is divided by 143.
137
What is the remainder when 16094 is divided by 35?
29
What is the remainder when 8224 is divided by 13?
8
What is the remainder when 41157 is divided by 66?
39
Calculate the remainder when 204872 is divided by 100.
72
What is the remainder when 872 is divided by 86?
12
What is the remainder when 871 is divided by 180?
151
Calculate the remainder when 16267 is divided by 5410.
37
Calculate the remainder when 172297 is divided by 50.
47
What is the remainder when 32566 is divided by 8127?
58
Calculate the remainder when 539 is divided by 25.
14
Calculate the remainder when 23169 is divided by 2250.
669
What is the remainder when 57245 is divided by 15?
5
What is the remainder when 27260 is divided by 447?
440
Calculate the remainder when 85095 is divided by 144.
135
What is the remainder when 49050 is divided by 13?
1
What is the remainder when 149563 is divided by 538?
537
What is the remainder when 4207 is divided by 187?
93
What is the remainder when 2010 is divided by 13?
8
What is the remainder when 3403 is divided by 1096?
115
Calculate the remainder when 10981 is divided by 1097.
11
Calculate the remainder when 312 is divided by 176.
136
Calculate the remainder when 116927 is divided by 58.
57
Calculate the remainder when 20973 is divided by 10485.
3
Calculate the remainder when 72613 is divided by 29.
26
What is the remainder when 2397788 is divided by 9?
8
Calculate the remainder when 41784 is divided by 1816.
16
Calculate the remainder when 16907 is divided by 353.
316
What is the remainder when 1436468 is divided by 287288?
28
Calculate the remainder when 4285 is divided by 1425.
10
What is the remainder when 25430 